atest common factor of 4 and 172.
4
What is the greatest common divisor of 324 and 2889?
27
What is the greatest common divisor of 9912 and 168?
168
What is the highest common divisor of 452 and 791?
113
What is the highest common factor of 621 and 1053?
27
Calculate the greatest common factor of 513 and 135.
27
What is the highest common divisor of 8 and 11?
1
What is the highest common divisor of 614 and 1535?
307
Calculate the greatest common divisor of 144 and 368.
16
Calculate the greatest common divisor of 2028 and 468.
156
Calculate the greatest common factor of 297 and 27.
27
What is the greatest common factor of 728 and 2080?
104
What is the greatest common divisor of 4818 and 1254?
66
What is the highest common divisor of 1 and 2662?
1
Calculate the greatest common divisor of 1166 and 848.
106
Calculate the greatest common divisor of 1313 and 143.
13
What is the greatest common divisor of 12643 and 269?
269
What is the greatest common factor of 2070 and 15?
15
What is the highest common divisor of 525 and 1260?
105
What is the highest common divisor of 4 and 6268?
4
What is the highest common divisor of 9 and 7?
1
Calculate the greatest common divisor of 72 and 1344.
24
What is the highest common divisor of 108 and 99?
9
What is the highest common divisor of 135 and 45?
45
Calculate the greatest common divisor of 49 and 35.
7
What is the highest common factor of 157 and 9?
1
Calculate the highest common factor of 720 and 45.
45
What is the greatest common divisor of 12 and 279?
3
What is the greatest common factor of 1173 and 34?
17
What is the highest common divisor of 12496 and 22?
22
What is the highest common divisor of 21 and 23163?
21
Calculate the greatest common factor of 510 and 19992.
102
Calculate the highest common divisor of 3328 and 2048.
256
Calculate the highest common factor of 96 and 3.
3
What is the highest common factor of 3206 and 14?
14
What is the greatest common divisor of 25790 and 10?
10
Calculate the highest common divisor of 242 and 77.
11
What is the greatest common factor of 105 and 45?
15
What is the highest common divisor of 513 and 114?
57
What is the greatest common divisor of 156 and 8268?
156
What is the greatest common divisor of 3660 and 120?
60
Calculate the greatest common divisor of 190 and 170.
10
Calculate the highest common factor of 50 and 30.
10
Calculate the greatest common divisor of 140 and 868.
28
Calculate the highest common factor of 61 and 183.
61
Calculate the greatest common divisor of 33 and 44.
11
What is the highest common divisor of 132 and 9?
3
What is the greatest common divisor of 9248 and 136?
136
Calculate the greatest common factor of 490 and 60.
10
Calculate the greatest common factor of 10 and 2750.
10
Calculate the highest common divisor of 5648 and 16.
16
What is the greatest common factor of 30 and 18?
6
What is the greatest common factor of 2541 and 484?
121
Calculate the greatest common divisor of 365 and 584.
73
What is the greatest common factor of 176 and 539?
11
What is the greatest common factor of 364 and 168?
28
What is the highest common factor of 1032 and 264?
24
What is the highest common divisor of 1518 and 99?
33
Calculate the greatest common factor of 87 and 145.
29
What is the highest common factor of 52 and 2002?
26
What is the highest common divisor of 303 and 3?
3
What is the highest common factor of 2071 and 872?
109
What is the greatest common divisor of 36 and 9?
9
What is the highest common factor of 23883 and 57?
57
What is the greatest common divisor of 26 and 4?
2
Calculate the greatest common divisor of 9 and 1536.
3
What is the greatest common divisor of 1197 and 665?
133
What is the greatest common divisor of 11925 and 25?
25
Calculate the greatest common divisor of 80 and 32.
16
What is the highest common divisor of 34 and 3?
1
Calculate the greatest common factor of 26330 and 10.
10
Calculate the greatest common factor of 72 and 14058.
18
What is the highest common factor of 1581 and 124?
31
What is the highest common factor of 99 and 63?
9
Calculate the highest common divisor of 6 and 726.
6
Calculate the greatest common factor of 483 and 273.
21
Calculate the highest common factor of 2 and 122.
2
Calculate the highest common factor of 597 and 4577.
199
Calculate the greatest common factor of 603 and 1340.
67
Calculate the greatest common divisor of 44 and 11.
11
Calculate the highest common divisor of 21 and 91.
7
What is the greatest common factor of 1136 and 16?
16
Calculate the highest common divisor of 156 and 1222.
26
Calculate the greatest common divisor of 7 and 161.
7
Calculate the greatest common factor of 136 and 85.
17
Calculate the greatest common divisor of 15 and 95.
5
What is the greatest common divisor of 104 and 676?
52
What is the highest common divisor of 2 and 622?
2
What is the greatest common divisor of 51 and 187?
17
What is the greatest common divisor of 2212 and 56?
28
What is the greatest common divisor of 136 and 448?
8
Calculate the highest common divisor of 6579 and 43.
43
What is the highest common divisor of 360 and 310?
10
What is the greatest common divisor of 1012 and 1144?
44
Calculate the highest common divisor of 72 and 300.
12
What is the highest common divisor of 25 and 9?
1
Calculate the highest common factor of 171 and 19.
19
What is the greatest common factor of 258 and 18?
6
Calculate the greatest common factor of 3082 and 335.
67
What is the highest common factor of 116 and 35264?
116
What is the greatest common divisor of 340 and 10268?
68
What is the highest common divisor of 303 and 20806?
101
What is the greatest common divisor of 915 and 30?
15
Calculate the greatest common factor of 21 and 175.
7
What is the highest common divisor of 3440 and 320?
80
Calculate the highest common factor of 114 and 133.
19
Calculate the greatest common divisor of 255 and 2190.
15
Calculate the highest common divisor of 1410 and 30.
30
Calculate the highest common factor of 533 and 41.
41
What is the greatest common divisor of 12 and 114?
6
What is the greatest common divisor of 20 and 540?
20
What is the highest common factor of 184 and 4?
4
Calculate the highest common factor of 10 and 33140.
10
What is the highest common divisor of 55944 and 296?
296
Calculate the greatest common factor of 2025 and 375.
75
What is the greatest common factor of 18 and 186?
6
What is the highest common divisor of 3300 and 5?
5
What is the greatest common factor of 3186 and 118?
118
Calculate the highest common divisor of 1072 and 1273.
67
Calculate the greatest common divisor of 753 and 14056.
251
What is the highest common factor of 1192 and 8?
8
Calculate the greatest common factor of 18 and 102.
6
What is the greatest common factor of 126 and 252?
126
What is the greatest common factor of 45 and 9555?
15
Calculate the greatest common divisor of 256 and 12.
4
Calculate the greatest common factor of 130 and 26.
26
What is the highest common divisor of 32 and 1336?
8
What is the greatest common factor of 29 and 5771?
29
What is the greatest common factor of 3730 and 20?
10
What is the greatest common factor of 355 and 1917?
71
What is the highest common divisor of 33 and 11?
11
What is the greatest common divisor of 342 and 266?
38
What is the greatest common divisor of 8998 and 22?
22
Calculate the greatest common factor of 178 and 534.
178
What is the highest common divisor of 33 and 2673?
33
Calculate the highest common divisor of 11 and 85327.
11
Calculate the highest common divisor of 27 and 225.
9
What is the highest common factor of 2424 and 288?
24
Calculate the highest common factor of 6875 and 55.
55
What is the greatest common factor of 2244 and 132?
132
Calculate the highest common factor of 2 and 94.
2
What is the greatest common factor of 289 and 68?
17
What is the greatest common divisor of 92 and 8?
4
Calculate the greatest common factor of 24 and 156.
12
What is the greatest common divisor of 2666 and 62?
62
Calculate the highest common divisor of 66 and 12.
6
Calculate the highest common divisor of 493 and 17.
17
What is the greatest common factor of 6 and 21?
3
Calculate the highest common factor of 180 and 120.
60
What is the greatest common divisor of 637 and 140?
7
Calculate the greatest comm